f m.
13
Let d(s) = s**2 - 4*s - 6. Let x be d(-4). Let k be 2/(-4) - x/(-4). Suppose a + 90 = k*a. What are the prime factors of a?
2, 3
Let y be -3*9/3*-1. Let w(r) = -20*r + 12. Let m(n) = 5*n - 3. Let j(f) = y*m(f) + 2*w(f). What are the prime factors of j(8)?
37
Let v = 1469 - 92. List the prime factors of v.
3, 17
Let t = 12106 - 6111. List the prime factors of t.
5, 11, 109
Let n(j) be the first derivative of j**2 + 38*j + 11. What are the prime factors of n(0)?
2, 19
What are the prime factors of -3 - (-2)/(4/1882)?
2, 7, 67
Let a(c) be the second derivative of -3*c**3/2 - 2*c**2 - c. Let l be ((-9)/3 - 2) + 2. List the prime factors of a(l).
23
What are the prime factors of (2/4)/((-59)/(-295))*610?
5, 61
Let c = 5 + 9. Suppose -36 - c = -s. List the prime factors of s.
2, 5
Let r be 5/25 + (-44)/20. Let w(b) = -29*b. What are the prime factors of w(r)?
2, 29
Suppose -4*p + 1244 = -4*w, -4*p + 0*w + 2*w + 1254 = 0. Let m = p + -188. List the prime factors of m.
2
Let v be (-7)/21 + (-44)/3. Let h be 64/20 - (-3)/v. What are the prime factors of h/(-2) + (-13)/(-2)?
5
Let k(u) be the second derivative of -u**4/12 + 5*u**3/6 - u**2 + 2*u. Let n be k(3). List the prime factors of (-17 + -1)/((-3)/n).
2, 3
Let g = -1433 - -2397. List the prime factors of g.
2, 241
Suppose 5*f - 32 = f. Suppose -2 = -3*d - f. What are the prime factors of -1 + (138/3 - d)?
47
Let z = -5 - -8. Suppose -5*o + 13 = z. Suppose 4*i - 8 = 2*v - 30, o*i = 10. What are the prime factors of v?
3, 7
Let v = 1525 + -535. List the prime factors of v.
2, 3, 5, 11
List the prime factors of (372/16 - -5)/((-6)/(-48)).
2, 113
Let b(i) = 185*i**2 - 24*i - 7. What are the prime factors of b(-3)?
2, 5, 173
Let w(y) = -2*y + 4. Let q be w(5). What are the prime factors of ((-1)/2 + 0)/(q/1536)?
2
Let m(s) = 18*s - 74. Let a(l) = l - 2. Let d(p) = 5*a(p) - m(p). List the prime factors of d(-20).
2, 3
Suppose 7*d - 12*d = -110. Let o = d - -120. What are the prime factors of o?
2, 71
Let z(c) = -c**3 + 13*c**2 - 5*c + 8. Let s be z(12). Suppose -2*f + n = -s, 2*f - 4*n - 73 - 31 = 0. List the prime factors of f.
2, 11
Let u(n) be the third derivative of -n**6/120 + n**5/15 - n**4/6 - n**3/6 - 4*n**2. Let l be u(3). What are the prime factors of (-90)/(-4) - l/(-8)?
2, 11
Let r = 78 + -76. Suppose -4*u - 4*s = -48, 0 = r*u - 4*s - 34 - 14. What are the prime factors of u?
2
What are the prime factors of ((-14)/10)/(44/(-44660))?
7, 29
Suppose 0 = p + 1, -5*f - 64 = 5*p - 209. Let q = f - -20. List the prime factors of 413/5 + 20/q.
83
Let x = -31 - -35. Let t be (-1)/(315/(-80) + x). What are the prime factors of (-4)/t + 220/16?
2, 7
Let t be (-9)/(-21) + (-495)/(-21). Let m be -2*(0 + 17/2). Let w = m + t. List the prime factors of w.
7
Let s(v) = -4*v + 12. Let j(n) = 5*n - 11. Let q(r) = -5*j(r) - 6*s(r). Let i be q(-14). Let x(y) = -y**3 + 3*y**2 + 3*y - 4. List the prime factors of x(i).
41
Suppose 0 = -a + 5*v - 189, a = -0*v - 5*v - 179. Let y = 391 + a. List the prime factors of (0 - -4)/(18/y).
2, 23
Let i(f) = 15*f**2 + 160*f - 39. List the prime factors of i(-16).
17, 73
Suppose -2*j + j + 81 = r, 73 = r - 3*j. Let c = r - -15. List the prime factors of c.
2, 47
Let h(i) = 10*i**2 - 9*i - 47. Let u be h(11). Suppose -2*c + 538 = 2*z, -4*z + u = -4*c + 2*c. What are the prime factors of z?
3, 89
Suppose 5*q - 16 = r, 0 = -3*r - 4*q + 29 - 1. Suppose 7*z = 2*z - m + 468, -r*m + 12 = 0. List the prime factors of z.
3, 31
Suppose -6819 = -10*z + 27681. List the prime factors of z.
2, 3, 5, 23
Let h = -561 + 1403. What are the prime factors of h?
2, 421
Suppose 1429 = 4*u + 4*p - 1799, -3*u - p + 2421 = 0. List the prime factors of u.
3, 269
Let a = -6 + 10. Let x(p) = -1 + 2*p**3 + 0*p - a*p**2 + p**3 + 3*p. List the prime factors of x(2).
13
Suppose 9*a = 1 + 8. Let c(y) = 30*y**3 - 2*y**2 + 2*y - 1. What are the prime factors of c(a)?
29
Let t = -23 + 162. What are the prime factors of t?
139
Suppose 0 = -18*m + 20*m + 6. Let v = m - -11. What are the prime factors of v?
2
Let u(v) = 4*v + v**3 - 4*v**2 + 4*v**2 - 2*v**3 + 3*v**2 + 2. Let k be u(4). Suppose a = -l - 3*a + 35, 81 = k*l - 3*a. List the prime factors of l.
3, 13
Let f(h) = -12 - 3*h - h - 44*h**2 + 21*h**2 + 26*h**2. Let o be f(5). Let m = o + -1. What are the prime factors of m?
2, 3, 7
Let z(d) be the third derivative of -4*d**2 + 1/3*d**3 - 1/60*d**5 + 0*d - 7/24*d**4 + 0. List the prime factors of z(-5).
2, 3
Let k(o) = o**3 + 8*o**2 + 2*o + 16. Let c be k(-8). Suppose 2*r + 7*r - 576 = c. What are the prime factors of r?
2
Suppose -7*y - 5*y = -156. Suppose 0 = 5*o + y*o - 3654. What are the prime factors of o?
7, 29
Let p be 1 - ((-20)/4 + 3). Suppose -2*r + 968 = 4*l, 0 = p*l + 4*r - 687 - 29. What are the prime factors of l?
2, 61
Suppose 4*x - 380 = -y - 51, 4*x = 3*y - 907. What are the prime factors of y?
3, 103
Suppose -19 = -t + 8*f - 3*f, 4*t + 39 = -3*f. What are the prime factors of 421/2 + t/4 + 1?
2, 3, 5, 7
Suppose 2*i = 45*s - 47*s + 3102, 7755 = 5*s + i. List the prime factors of s.
3, 11, 47
Suppose 5*o = 3*l - 0*l - 37, 2*o = 4*l - 12. Let v be ((-1)/(-2))/((-1)/o). Suppose v*c + 29 = m, -2*m + 2*c - 4*c = -38. What are the prime factors of m?
3, 7
Let a(o) = -12*o + 73. Let m be a(7). Let f(k) = -k**3 - 13*k**2 - 28*k + 1. What are the prime factors of f(m)?
67
Let j(p) = p + 10. Let v be j(-9). Let a(z) = 3*z - 4*z - 4 + 6 - v. What are the prime factors of a(-4)?
5
Suppose -4*y + 10062 = 9*y. What are the prime factors of y?
2, 3, 43
Let s be (-1)/1*(-7)/(-7)*2. What are the prime factors of (89 - s)/(-2 - (-3 - 0))?
7, 13
What are the prime factors of (-19)/(-95) + 18356/20?
2, 3, 17
Let g(o) = o**3 - 11*o**2 - 15*o - 5. Suppose -13 = -16*d + 15*d. What are the prime factors of g(d)?
2, 3, 23
Let b(a) = -4*a**3 + 5*a**2 + 4*a + 2. Let l = 52 + -55. List the prime factors of b(l).
11, 13
Let x = -23 - -85. Let k be -7 + (-5 - (-1 + (4 - 5))). What are the prime factors of (1 + -6)*x/k?
31
Let j(q) = 5*q - 11. Let c be j(4). Let f = c + -2. List the prime factors of f.
7
What are the prime factors of -4*16*3*(-91)/21?
2, 13
What are the prime factors of (-29 + 28)/((-4)/15340)?
5, 13, 59
Let o(h) = h**2 - h + 7. Suppose -2*s - 4*m + 62 = 0, -4*s + 2*m + 95 = s. Let j = -27 + s. List the prime factors of o(j).
7
Suppose -3*o = -6*o - 2*v + 184, 5*o + 2*v - 300 = 0. Suppose -5*h = -o - 42. Suppose -4*k - q + 20 = -2*k, 5*q + h = 0. List the prime factors of k.
2, 3
Let c(u) = -1136*u**3 - 4*u**2 - 7*u - 4. What are the prime factors of c(-1)?
5, 227
Let a(n) = -6*n - 1. Let z be a(-2). Let t = z - -33. What are the prime factors of t?
2, 11
Let o be (-4)/6*((1 - -2) + -6). Suppose h = o*h - 254. What are the prime factors of h?
2, 127
Suppose 4*s + 0*s - 112 = 0. Let l = 59 - s. List the prime factors of l.
31
Let c be (6 - (-130)/(-25))*(9 + 1). Let q = c - -80. What are the prime factors of q?
2, 11
Let l be (10/(-4))/((-2)/4). Suppose -l*n + n = 4. List the prime factors of (2 + n)/((-4)/(-48)).
2, 3
Let r(a) = 2492*a - 44. What are the prime factors of r(1)?
2, 3, 17
Suppose -575 = -3*f - 143. Suppose 5*j - f = 6. List the prime factors of j.
2, 3, 5
Let q = 1026 + 1287. What are the prime factors of q?
3, 257
Suppose 4*d - 3*y - 9997 = 0, -3*d - 3*y + 3685 = -3797. List the prime factors of d.
11, 227
Let g(f) = -8*f**3 - 5*f**2 - 1. Let u be g(-1). Let m(p) = p**3 + 4*p**2 - 5*p + 3. Let q be m(-5). Suppose 40 = u*d + q*d. What are the prime factors of d?
2
Let p be -3*(3 + -2) + 3. Suppose p = -4*y + 4*a + 8, -4*y + a + 26 = y. What are the prime factors of 148/y - (-4)/12?
5
Suppose 0*v = -k - 3*v - 27, 2*k = 4*v - 104. Let t = k + 104. What are the prime factors of t?
2, 31
What are the prime factors of 7864/(-8 + (13 - 3))?
2, 983
What are the prime factors of 3 - ((-6)/6 + -468)?
2, 59
Let i be (-6)/12 - (-13)/(-2). Let v = i - -100. List the prime factors of v.
3, 31
Let d(f) = -f**3 - 11*f**2 - 7*f - 10. Let m be d(-11). Let s = -38 + m. List the prime factors of s.
29
Let n(j) = -j**3 + j**3 + j + 0*j**3 + j**3 - 2 - 4*j**2. Let q be n(4). Suppose -q*z + 54 = -14. List the prime factors of z.
2, 17
Let f(z) = 14*z + 21. Let u be f(5). Let t = 0 + u. List the prime 